t is the highest common divisor of b and 539?
49
Suppose 5*d = -5*d + 30. What is the highest common factor of 24 and d?
3
Let x be (3 - 1)*2 - 2. Let d(w) = -w - 1 - x*w - 4*w. Let l be d(-2). Calculate the greatest common divisor of 65 and l.
13
Let v be ((-145)/(-116))/(1/12). Let n(k) = -k**2 - 6*k - 3. Let s be n(-2). What is the greatest common divisor of v and s?
5
Suppose a = -5*r + 31 + 13, 2*r = -5*a + 243. Let t(z) = -z**3 + 4*z**2 - 2*z + 3. Let b be t(2). Calculate the greatest common divisor of a and b.
7
Suppose 71*i = -572 + 1850. Calculate the highest common factor of i and 54.
18
Let b(f) = -f**2 - 2*f + 1. Let l be b(-2). Let x = -3 - l. Let a = 19 + x. Calculate the greatest common factor of 15 and a.
15
Let t be ((-81)/6)/(0 - (-3)/(-4)). Calculate the highest common factor of 198 and t.
18
Let s(o) = -o**3 + 22*o**2 - 23*o + 54. Let u be s(21). What is the highest common divisor of 18 and u?
6
Let m(l) = 3908*l**2 - 20*l. Let x be m(1). Calculate the greatest common divisor of 144 and x.
144
Suppose -f - f + 4 = a, 6 = -4*a + 3*f. Suppose -2*s + 12 = -a*s. Let m be 676/s + (-14)/21. Calculate the greatest common factor of m and 14.
14
Let z be (0 + -5)*6/5. Let m(v) be the first derivative of -v**4/4 - 2*v**3 - v**2 + 7*v + 75. Let d be m(z). What is the highest common divisor of d and 209?
19
Let m be ((-38)/5)/((48/(-20))/6). Suppose j = 5*w - 10, -4*j + 0*j = w - 2. Let q be m/((-2 - w)/(-28)). Calculate the greatest common factor of 19 and q.
19
Let p be -2 + 0 + (-13 - -10). Let y(d) = -3*d + 3. Let a be y(p). Suppose 2 = -2*l + a. Calculate the greatest common divisor of 1 and l.
1
Let j = 42 - 22. Let z = 23 + -18. Suppose 2*x - 4*w = 104, -4*w + z*w + 201 = 4*x. What is the greatest common divisor of x and j?
10
Let f = -224 + 353. Calculate the highest common divisor of 43 and f.
43
Suppose -35*b - 15*b = -54000. What is the greatest common factor of 40 and b?
40
Suppose 21*o = -66*o + 49416. Calculate the highest common factor of 71 and o.
71
Let s = 12 + -9. Suppose n = 4*l - 15 - 13, 3*l + 2*n - 10 = 0. What is the highest common divisor of l and s?
3
Let k = 5584 - 3946. Suppose 0*p - k = -6*p. What is the highest common divisor of 21 and p?
21
Let o = 6 - 3. Suppose -3*w = -o*u - 78, 92 = 5*w + 4*u - 38. Suppose 2*f + 0*f = 2*z - w, 5*z + f = 53. What is the greatest common divisor of 1 and z?
1
Let b(w) be the second derivative of -w**5/20 + w**4/3 + w**3 - 3*w**2/2 - 17*w. Let f be b(5). Calculate the highest common factor of f and 2.
2
Let q(p) = -685*p + 1. Let k be q(-1). What is the greatest common factor of 14 and k?
14
Suppose 0 = -49*c + 53*c - 2*d - 564, 5*d + 141 = c. Calculate the highest common factor of c and 329.
47
Let u = 44 - 40. Suppose 71 + 10 = s + 4*z, u*z = 0. Calculate the highest common divisor of 9 and s.
9
Let m be (8 + -11)*2/(-3). Let y be 1/((-4)/(-10 - m)). Let x = y + 4. What is the highest common factor of x and 7?
7
Let v = 22 - -2. Suppose 691*a = 679*a + 480. Calculate the greatest common factor of a and v.
8
Let d be ((-8)/6)/(4/(-6)). Suppose -2*a + 152 = -d*o, -4*a - o = a - 356. Suppose -7*v + 24 = -4*v. What is the greatest common factor of v and a?
8
Let z = -566 - -632. Calculate the highest common factor of z and 6.
6
Suppose -2221 + 21771 = 23*g. What is the highest common divisor of g and 17?
17
Let q = -84 - -86. Suppose -4*v + 156 = q*j, 0*j - 2*v + 294 = 4*j. Calculate the highest common factor of 48 and j.
24
Suppose 30*u - 1932 = -54*u. What is the greatest common divisor of 1219 and u?
23
Let c(u) = -u**2 - u. Let t(k) = 22*k**2 - 5*k - 3. Let x(d) = 2*c(d) + t(d). Let o be x(2). What is the highest common divisor of 84 and o?
21
Let k(s) = -s**2 - 18*s - 73. Let n be k(-8). Suppose y - 2 = -y. What is the highest common factor of n and y?
1
Let r = -5 - -14. Let j(k) = -6*k**3 - r*k**3 - k**2 - 2*k**3 + 1. Let u be j(-1). Calculate the greatest common divisor of u and 136.
17
Let l(n) = n**3 + 8*n**2 + n + 8. Let o be l(-8). Suppose t + 6 + o = 0. Let a = t - -17. Calculate the greatest common divisor of 44 and a.
11
Let k(b) = -46*b + 1. Let y be k(1). Let u be (-6)/(-24)*136/(-2). Let j = u - y. Calculate the greatest common factor of 42 and j.
14
Suppose 89 = 20*q - 151. Let u(j) = 0 + 13 + 8*j + 1. Let a be u(q). What is the greatest common factor of a and 10?
10
Let w = 50 + -31. Suppose 0 = i - 7 + 3. Suppose -i*y = -3*y - 209. What is the highest common divisor of w and y?
19
Let w be (7956/126)/1 - (-1)/(-7). Let b(u) = 13*u - 1. Let k be b(1). Let i = 19 - k. Calculate the highest common factor of w and i.
7
Let m be (13 + 287/(-21))*1377/(-6). What is the highest common divisor of 36 and m?
9
Let t(g) = 28*g**2 - 15*g - 35. Let w be t(-2). What is the highest common factor of 214 and w?
107
Let o(m) = -m**3 - 6*m**2 - 13*m + 4. Let b be o(-4). Calculate the greatest common divisor of b and 32.
8
Suppose 0 = -3*x + 3*f + 36, 0 = x + 2*x - 5*f - 44. Suppose 6*j - x*j = -80. Suppose 0 = 6*k - k - 20. Calculate the highest common factor of j and k.
4
Suppose -2*x = -4*x + 78. Let l(f) = -f**2 + 7*f - 7. Let i be l(6). Let a(w) = -27*w - 1. Let k be a(i). Calculate the greatest common divisor of k and x.
13
Let u(b) = 7*b - 3*b**2 + 13*b**3 + 2*b**2 - 4*b**3 + 1. Let k be u(3). Calculate the greatest common divisor of 32 and k.
32
Suppose -3*c + 76 = 7. Calculate the highest common factor of c and 529.
23
Let a(h) = -2*h - 32. Let z be a(-21). Suppose 46 = z*o - 44. Suppose -3*r + 9 = 0, -2*w - 2*w + 276 = -4*r. What is the greatest common divisor of o and w?
9
Let u(r) = r**2 + 9*r - 1. Let l be u(-9). Let f be (-2 - l)/(2/(-8)). Calculate the greatest common divisor of 2 and f.
2
Let l = 1 + 0. Let m(o) = o**3 - 6*o**2 + 7*o + 3. Let r be m(5). Suppose 17 = r*j - 48. Calculate the greatest common divisor of j and l.
1
Suppose 2*p - 11 = -3*t, -t + 3*t + 36 = 3*p. Suppose 0 = k - p + 7. Suppose -2*g - 1 - 3 = -2*m, 0 = 3*g - k. What is the highest common factor of m and 6?
3
Suppose -3*x - 2*f = -42, 96 = 4*x + 2*f + 38. Suppose -n + x + 16 = 0. What is the greatest common factor of n and 64?
32
Suppose 61*p - 74 = -c + 59*p, 0 = -c + 5*p + 109. Calculate the greatest common factor of c and 70.
14
Suppose 31*q - 1042 - 353 = 0. What is the highest common factor of 30 and q?
15
Suppose 4*r = -3*m + 34, 4*m + 2*r - 14 = 18. Suppose 2*q + 40 = m*q - 4*i, 0 = 4*q + 3*i - 5. Calculate the highest common divisor of 65 and q.
5
Let v = 117 + -115. Suppose q + r = 2, 3*q - 4*r = -v*r + 16. What is the highest common factor of q and 28?
4
Let w be (648/(-20))/((-22)/10 - -2). Calculate the greatest common divisor of 36 and w.
18
Let s = 1750 + -1180. Suppose 9*v = 240 + s. Calculate the highest common divisor of 15 and v.
15
Let p be (-3)/(-1 - -7)*-44. Let m = 306 - 152. What is the highest common factor of p and m?
22
Let f be (-62)/(-3)*9/2. Suppose 5*j = 5*w - 25, 3*j = 4*w + j - 12. Suppose 0 = 3*o + w - 94. What is the greatest common divisor of o and f?
31
Let p(q) = -4*q - 40. Let i be p(-29). Let n = 304 - 114. What is the highest common factor of n and i?
38
Let q(i) = -i**3 - 13*i**2 + 12*i - 20. Suppose -4*d - d = 3*f + 37, -3*f + 2*d = 44. Let m be q(f). Calculate the highest common divisor of m and 136.
8
Let b be (-2 - -6)/16 - 38519/(-52). What is the highest common factor of b and 57?
57
Let o be 557/7 - (-3)/7. Let c = -55 + o. Let p(a) = 8*a**2 - a + 5. Let j be p(5). Calculate the greatest common factor of j and c.
25
Suppose 75 = w + 14*w. Calculate the highest common factor of 515 and w.
5
Let t = 3336 - 3333. Let r(q) be the second derivative of q**4/12 + q**3/2 - 7*q**2/2 - q. Let m be r(-5). What is the highest common divisor of m and t?
3
Let y be 222/18 - 1/3. Suppose 833 = 3*m + t + 224, 5*m - 1008 = -4*t. Calculate the greatest common divisor of m and y.
12
Let f be (-5502)/(-147) - (-1 + (-3)/(-7)). What is the greatest common factor of 361 and f?
19
Suppose 17*y - 33 = 15*y - 3*i, -y - i = -17. What is the greatest common divisor of 36 and y?
18
Suppose 2*j - 985 = -w, j - 4*w = -136 + 651. What is the highest common factor of 45 and j?
45
Suppose l + 8 = -3*j, -j - 12 = 3*j. Let o be 5/(15/6) - 1. Calculate the greatest co